{"id":2,"date":"2024-10-22T06:38:03","date_gmt":"2024-10-22T09:38:03","guid":{"rendered":"https:\/\/ezequielsimari.com\/blog\/?page_id=2"},"modified":"2024-10-22T06:52:14","modified_gmt":"2024-10-22T09:52:14","slug":"emprendedor-creativo-digital","status":"publish","type":"page","link":"https:\/\/ezequielsimari.com\/blog\/emprendedor-creativo-digital\/","title":{"rendered":"Emprendedor &#038; Creativo Digital."},"content":{"rendered":"\r\n<p>Dise\u00f1ador gr\u00e1fico convertido a web. Vivo en el Internet desde el &#8217;95. Enamorado del Creador y de @soficaceresk. Pap\u00e1 de Ximena y Julieta. Director Digital en <a href=\"https:\/\/yeah.com.py\" target=\"_blank\" rel=\"noopener\">Yeah!<\/a> Agencia Creativa Digital. Co-founder de <a href=\"https:\/\/escuchapp.com\/\" target=\"_blank\" rel=\"noopener\">Escuchapp<\/a>.<\/p>\r\n\r\n\r\n\r\n<blockquote class=\"wp-block-quote is-layout-flow wp-block-quote-is-layout-flow\">\r\n<p>\u00a1Hola! Desde los primeros clics en la \u00e9poca de Geocities en los &#8217;90 hasta la implementaci\u00f3n de <strong>inteligencia artificial en estrategias digitales<\/strong>, form\u00e9 parte de varias las generaciones dedicadas al dise\u00f1o web.<\/p>\r\n<\/blockquote>\r\n\r\n\r\n\r\n<p>&#8230;te cuento un poco mas..<\/p>\r\n\r\n\r\n\r\n<blockquote class=\"wp-block-quote is-layout-flow wp-block-quote-is-layout-flow\">\r\n<p>Inicie mi carrera en <strong>Creatividad Publicitaria<\/strong> en Buenos Aires, Argentina, soy <strong>Licenciado en Sistemas Inform\u00e1ticos<\/strong> en Asunci\u00f3n, Paraguay, y tengo un M\u00e1ster en Marketing Digital en Barcelona, Espa\u00f1a.<\/p>\r\n<\/blockquote>\r\n\r\n\r\n\r\n<p>Me gusta <strong>generar valor para las marcas<\/strong>, impulsando su crecimiento y transformaci\u00f3n digital. Actualmente estoy liderando un equipo creativo y desarrollando soluciones digitales para pymes y grandes empresas.<\/p>\r\n\r\n\r\n\r\n<p>&#8230;algunas frases que me gustan<\/p>\r\n\r\n\r\n\r\n<blockquote class=\"wp-block-quote is-layout-flow wp-block-quote-is-layout-flow\">\r\n<p>Vivir 1 d\u00eda a la vez<\/p>\r\n<p>El crecimiento es un proceso de prueba y error.<\/p>\r\n<p>S\u00e9 la persona que necesitabas cuando eras m\u00e1s joven<\/p>\r\n<\/blockquote>\r\n","protected":false},"excerpt":{"rendered":"<p>Dise\u00f1ador gr\u00e1fico convertido a web. Vivo en el Internet desde el &#8217;95. Enamorado del Creador y de @soficaceresk. Pap\u00e1 de Ximena y Julieta. Director Digital en Yeah! Agencia Creativa Digital. Co-founder de Escuchapp. \u00a1Hola! Desde los primeros clics en la \u00e9poca de Geocities en los &#8217;90 hasta la implementaci\u00f3n de inteligencia artificial en estrategias digitales, [&hellip;]<\/p>\n","protected":false},"author":1,"featured_media":0,"parent":0,"menu_order":0,"comment_status":"closed","ping_status":"open","template":"","meta":{"footnotes":""},"class_list":["post-2","page","type-page","status-publish","hentry"],"yoast_head":"<!-- This site is optimized with the Yoast SEO plugin v27.6 - https:\/\/yoast.com\/product\/yoast-seo-wordpress\/ -->\n<title>Emprendedor &amp; Creativo Digital. - Blog de Ezequiel Simari<\/title>\n<meta name=\"robots\" content=\"index, follow, max-snippet:-1, max-image-preview:large, max-video-preview:-1\" \/>\n<link rel=\"canonical\" href=\"https:\/\/ezequielsimari.com\/blog\/emprendedor-creativo-digital\/\" \/>\n<meta property=\"og:locale\" content=\"es_ES\" \/>\n<meta property=\"og:type\" content=\"article\" \/>\n<meta property=\"og:title\" content=\"Emprendedor &amp; Creativo Digital. - Blog de Ezequiel Simari\" \/>\n<meta property=\"og:description\" content=\"Dise\u00f1ador gr\u00e1fico convertido a web. Vivo en el Internet desde el &#8217;95. Enamorado del Creador y de @soficaceresk. Pap\u00e1 de Ximena y Julieta. Director Digital en Yeah! Agencia Creativa Digital. Co-founder de Escuchapp. \u00a1Hola! Desde los primeros clics en la \u00e9poca de Geocities en los &#8217;90 hasta la implementaci\u00f3n de inteligencia artificial en estrategias digitales, [&hellip;]\" \/>\n<meta property=\"og:url\" content=\"https:\/\/ezequielsimari.com\/blog\/emprendedor-creativo-digital\/\" \/>\n<meta property=\"og:site_name\" content=\"Blog de Ezequiel Simari\" \/>\n<meta property=\"article:publisher\" content=\"https:\/\/www.facebook.com\/ezequielsimari\/\" \/>\n<meta property=\"article:modified_time\" content=\"2024-10-22T09:52:14+00:00\" \/>\n<meta property=\"og:image\" content=\"https:\/\/ezequielsimari.com\/blog\/wp-content\/uploads\/2024\/11\/ezequiel-simari-blog-comv2024.jpg\" \/>\n\t<meta property=\"og:image:width\" content=\"1200\" \/>\n\t<meta property=\"og:image:height\" content=\"675\" \/>\n\t<meta property=\"og:image:type\" content=\"image\/jpeg\" \/>\n<meta name=\"twitter:card\" content=\"summary_large_image\" \/>\n<meta name=\"twitter:label1\" content=\"Tiempo de lectura\" \/>\n\t<meta name=\"twitter:data1\" content=\"1 minuto\" \/>\n<script type=\"application\/ld+json\" class=\"yoast-schema-graph\">{\"@context\":\"https:\\\/\\\/schema.org\",\"@graph\":[{\"@type\":\"WebPage\",\"@id\":\"https:\\\/\\\/ezequielsimari.com\\\/blog\\\/emprendedor-creativo-digital\\\/\",\"url\":\"https:\\\/\\\/ezequielsimari.com\\\/blog\\\/emprendedor-creativo-digital\\\/\",\"name\":\"Emprendedor & Creativo Digital. - Blog de Ezequiel Simari\",\"isPartOf\":{\"@id\":\"https:\\\/\\\/ezequielsimari.com\\\/blog\\\/#website\"},\"datePublished\":\"2024-10-22T09:38:03+00:00\",\"dateModified\":\"2024-10-22T09:52:14+00:00\",\"breadcrumb\":{\"@id\":\"https:\\\/\\\/ezequielsimari.com\\\/blog\\\/emprendedor-creativo-digital\\\/#breadcrumb\"},\"inLanguage\":\"es-AR\",\"potentialAction\":[{\"@type\":\"ReadAction\",\"target\":[\"https:\\\/\\\/ezequielsimari.com\\\/blog\\\/emprendedor-creativo-digital\\\/\"]}]},{\"@type\":\"BreadcrumbList\",\"@id\":\"https:\\\/\\\/ezequielsimari.com\\\/blog\\\/emprendedor-creativo-digital\\\/#breadcrumb\",\"itemListElement\":[{\"@type\":\"ListItem\",\"position\":1,\"name\":\"Inicio\",\"item\":\"https:\\\/\\\/ezequielsimari.com\\\/blog\\\/\"},{\"@type\":\"ListItem\",\"position\":2,\"name\":\"Emprendedor &#038; Creativo Digital.\"}]},{\"@type\":\"WebSite\",\"@id\":\"https:\\\/\\\/ezequielsimari.com\\\/blog\\\/#website\",\"url\":\"https:\\\/\\\/ezequielsimari.com\\\/blog\\\/\",\"name\":\"Blog de Ezequiel Simari\",\"description\":\"Estrategias Digitales | Ideas | Marketing | Creatividad | Inspiraci\u00f3n\",\"publisher\":{\"@id\":\"https:\\\/\\\/ezequielsimari.com\\\/blog\\\/#\\\/schema\\\/person\\\/46a3143ae68fac38d4d89f883884aa17\"},\"potentialAction\":[{\"@type\":\"SearchAction\",\"target\":{\"@type\":\"EntryPoint\",\"urlTemplate\":\"https:\\\/\\\/ezequielsimari.com\\\/blog\\\/?s={search_term_string}\"},\"query-input\":{\"@type\":\"PropertyValueSpecification\",\"valueRequired\":true,\"valueName\":\"search_term_string\"}}],\"inLanguage\":\"es-AR\"},{\"@type\":[\"Person\",\"Organization\"],\"@id\":\"https:\\\/\\\/ezequielsimari.com\\\/blog\\\/#\\\/schema\\\/person\\\/46a3143ae68fac38d4d89f883884aa17\",\"name\":\"Ezequiel Simari\",\"image\":{\"@type\":\"ImageObject\",\"inLanguage\":\"es-AR\",\"@id\":\"https:\\\/\\\/ezequielsimari.com\\\/blog\\\/wp-content\\\/uploads\\\/2024\\\/10\\\/ezequiel_simari.png\",\"url\":\"https:\\\/\\\/ezequielsimari.com\\\/blog\\\/wp-content\\\/uploads\\\/2024\\\/10\\\/ezequiel_simari.png\",\"contentUrl\":\"https:\\\/\\\/ezequielsimari.com\\\/blog\\\/wp-content\\\/uploads\\\/2024\\\/10\\\/ezequiel_simari.png\",\"width\":225,\"height\":225,\"caption\":\"Ezequiel Simari\"},\"logo\":{\"@id\":\"https:\\\/\\\/ezequielsimari.com\\\/blog\\\/wp-content\\\/uploads\\\/2024\\\/10\\\/ezequiel_simari.png\"},\"description\":\"\ud83d\udc68\ud83c\udffb\u200d\ud83c\udf93Master en #MKTDigital &amp; \ud83d\uded2 \ud83d\udc69\u200d\u2764\ufe0f\u200d\ud83d\udc68 de @soficaceresk \u271d\ufe0f Seguidor de Jes\u00fas \ud83d\udc68\u200d\ud83d\udc69\u200d\ud83d\udc66Papa @ximenasimari y @julietassimari \ud83e\udec0en @AgenciaYeahPy @FrotherApp behance.net\\\/ezequielsimari\",\"sameAs\":[\"https:\\\/\\\/ezequielsimari.com\\\/blog\",\"https:\\\/\\\/www.facebook.com\\\/ezequielsimari\\\/\",\"https:\\\/\\\/www.instagram.com\\\/ezequielsimari\\\/\",\"https:\\\/\\\/www.linkedin.com\\\/in\\\/ezequielsimari\\\/\"]}]}<\/script>\n<!-- \/ Yoast SEO plugin. -->","yoast_head_json":{"title":"Emprendedor & Creativo Digital. - Blog de Ezequiel Simari","robots":{"index":"index","follow":"follow","max-snippet":"max-snippet:-1","max-image-preview":"max-image-preview:large","max-video-preview":"max-video-preview:-1"},"canonical":"https:\/\/ezequielsimari.com\/blog\/emprendedor-creativo-digital\/","og_locale":"es_ES","og_type":"article","og_title":"Emprendedor & Creativo Digital. - Blog de Ezequiel Simari","og_description":"Dise\u00f1ador gr\u00e1fico convertido a web. Vivo en el Internet desde el &#8217;95. Enamorado del Creador y de @soficaceresk. Pap\u00e1 de Ximena y Julieta. Director Digital en Yeah! Agencia Creativa Digital. Co-founder de Escuchapp. \u00a1Hola! Desde los primeros clics en la \u00e9poca de Geocities en los &#8217;90 hasta la implementaci\u00f3n de inteligencia artificial en estrategias digitales, [&hellip;]","og_url":"https:\/\/ezequielsimari.com\/blog\/emprendedor-creativo-digital\/","og_site_name":"Blog de Ezequiel Simari","article_publisher":"https:\/\/www.facebook.com\/ezequielsimari\/","article_modified_time":"2024-10-22T09:52:14+00:00","og_image":[{"width":1200,"height":675,"url":"https:\/\/ezequielsimari.com\/blog\/wp-content\/uploads\/2024\/11\/ezequiel-simari-blog-comv2024.jpg","type":"image\/jpeg"}],"twitter_card":"summary_large_image","twitter_misc":{"Tiempo de lectura":"1 minuto"},"schema":{"@context":"https:\/\/schema.org","@graph":[{"@type":"WebPage","@id":"https:\/\/ezequielsimari.com\/blog\/emprendedor-creativo-digital\/","url":"https:\/\/ezequielsimari.com\/blog\/emprendedor-creativo-digital\/","name":"Emprendedor & Creativo Digital. - Blog de Ezequiel Simari","isPartOf":{"@id":"https:\/\/ezequielsimari.com\/blog\/#website"},"datePublished":"2024-10-22T09:38:03+00:00","dateModified":"2024-10-22T09:52:14+00:00","breadcrumb":{"@id":"https:\/\/ezequielsimari.com\/blog\/emprendedor-creativo-digital\/#breadcrumb"},"inLanguage":"es-AR","potentialAction":[{"@type":"ReadAction","target":["https:\/\/ezequielsimari.com\/blog\/emprendedor-creativo-digital\/"]}]},{"@type":"BreadcrumbList","@id":"https:\/\/ezequielsimari.com\/blog\/emprendedor-creativo-digital\/#breadcrumb","itemListElement":[{"@type":"ListItem","position":1,"name":"Inicio","item":"https:\/\/ezequielsimari.com\/blog\/"},{"@type":"ListItem","position":2,"name":"Emprendedor &#038; Creativo Digital."}]},{"@type":"WebSite","@id":"https:\/\/ezequielsimari.com\/blog\/#website","url":"https:\/\/ezequielsimari.com\/blog\/","name":"Blog de Ezequiel Simari","description":"Estrategias Digitales | Ideas | Marketing | Creatividad | Inspiraci\u00f3n","publisher":{"@id":"https:\/\/ezequielsimari.com\/blog\/#\/schema\/person\/46a3143ae68fac38d4d89f883884aa17"},"potentialAction":[{"@type":"SearchAction","target":{"@type":"EntryPoint","urlTemplate":"https:\/\/ezequielsimari.com\/blog\/?s={search_term_string}"},"query-input":{"@type":"PropertyValueSpecification","valueRequired":true,"valueName":"search_term_string"}}],"inLanguage":"es-AR"},{"@type":["Person","Organization"],"@id":"https:\/\/ezequielsimari.com\/blog\/#\/schema\/person\/46a3143ae68fac38d4d89f883884aa17","name":"Ezequiel Simari","image":{"@type":"ImageObject","inLanguage":"es-AR","@id":"https:\/\/ezequielsimari.com\/blog\/wp-content\/uploads\/2024\/10\/ezequiel_simari.png","url":"https:\/\/ezequielsimari.com\/blog\/wp-content\/uploads\/2024\/10\/ezequiel_simari.png","contentUrl":"https:\/\/ezequielsimari.com\/blog\/wp-content\/uploads\/2024\/10\/ezequiel_simari.png","width":225,"height":225,"caption":"Ezequiel Simari"},"logo":{"@id":"https:\/\/ezequielsimari.com\/blog\/wp-content\/uploads\/2024\/10\/ezequiel_simari.png"},"description":"\ud83d\udc68\ud83c\udffb\u200d\ud83c\udf93Master en #MKTDigital &amp; \ud83d\uded2 \ud83d\udc69\u200d\u2764\ufe0f\u200d\ud83d\udc68 de @soficaceresk \u271d\ufe0f Seguidor de Jes\u00fas \ud83d\udc68\u200d\ud83d\udc69\u200d\ud83d\udc66Papa @ximenasimari y @julietassimari \ud83e\udec0en @AgenciaYeahPy @FrotherApp behance.net\/ezequielsimari","sameAs":["https:\/\/ezequielsimari.com\/blog","https:\/\/www.facebook.com\/ezequielsimari\/","https:\/\/www.instagram.com\/ezequielsimari\/","https:\/\/www.linkedin.com\/in\/ezequielsimari\/"]}]}},"_links":{"self":[{"href":"https:\/\/ezequielsimari.com\/blog\/wp-json\/wp\/v2\/pages\/2","targetHints":{"allow":["GET"]}}],"collection":[{"href":"https:\/\/ezequielsimari.com\/blog\/wp-json\/wp\/v2\/pages"}],"about":[{"href":"https:\/\/ezequielsimari.com\/blog\/wp-json\/wp\/v2\/types\/page"}],"author":[{"embeddable":true,"href":"https:\/\/ezequielsimari.com\/blog\/wp-json\/wp\/v2\/users\/1"}],"replies":[{"embeddable":true,"href":"https:\/\/ezequielsimari.com\/blog\/wp-json\/wp\/v2\/comments?post=2"}],"version-history":[{"count":7,"href":"https:\/\/ezequielsimari.com\/blog\/wp-json\/wp\/v2\/pages\/2\/revisions"}],"predecessor-version":[{"id":1087,"href":"https:\/\/ezequielsimari.com\/blog\/wp-json\/wp\/v2\/pages\/2\/revisions\/1087"}],"wp:attachment":[{"href":"https:\/\/ezequielsimari.com\/blog\/wp-json\/wp\/v2\/media?parent=2"}],"curies":[{"name":"wp","href":"https:\/\/api.w.org\/{rel}","templated":true}]}}